{"id":141,"date":"2017-12-25T10:57:55","date_gmt":"2017-12-25T09:57:55","guid":{"rendered":"http:\/\/neu.hakomi-austria.at\/mitgliederbereich\/?page_id=141"},"modified":"2019-06-14T17:53:34","modified_gmt":"2019-06-14T15:53:34","slug":"methode","status":"publish","type":"page","link":"https:\/\/neu.hakomi-austria.at\/home\/methode\/","title":{"rendered":"Methode"},"content":{"rendered":"<p><div class=\"fusion-fullwidth fullwidth-box fusion-builder-row-1 nonhundred-percent-fullwidth non-hundred-percent-height-scrolling\" style=\"--awb-border-radius-top-left:0px;--awb-border-radius-top-right:0px;--awb-border-radius-bottom-right:0px;--awb-border-radius-bottom-left:0px;\" ><div class=\"fusion-builder-row fusion-row\"><div class=\"fusion-layout-column fusion_builder_column fusion-builder-column-0 fusion_builder_column_1_1 1_1 fusion-one-full fusion-column-first fusion-column-last\" style=\"--awb-bg-size:cover;\"><div class=\"fusion-column-wrapper fusion-flex-column-wrapper-legacy\"><div class=\"fusion-text fusion-text-1\"><p>Die HAKOMI\u00ae Methode wurde in ihren Grundlagen in den 1970er Jahren von Ron Kurtz in den USA entwickelt, und wird seit 1982 in Deutschland bzw. seit 2005 in \u00d6sterreich gelehrt. Im deutschsprachigen Raum sind derzeit ca. 750 Personen als HAKOMI-TherapeutInnen t\u00e4tig.<\/p>\n<p>HAKOMI\u00ae ist als Psychotherapiemethode anerkannt von: Deutsche Gesellschaft f\u00fcr K\u00f6rperpsychotherapie, sowie European Association of Psychotherapy (als wissenschaftlich begr\u00fcndetes Verfahren und Ausbildungsgrundlage f\u00fcr das European Certificate of Psychotherapy).<\/p>\n<p>In \u00d6sterreich z\u00e4hlt die HAKOMI\u00ae-Methode derzeit noch nicht zu einem der staatlich anerkannten psychotherapeutischen Verfahren. Diese juristische Tatsache sagt jedoch nichts \u00fcber die Wirksamkeit der Methode und die Qualit\u00e4t der Ausbildung aus. Das 1991 in Kraft getretene Psychotherapiegesetz \u2013 (Bundesgesetz \u00fcber die Aus\u00fcbung der Psychotherapie) \u2013 regelt die Aus\u00fcbung der Psychotherapie in \u00d6sterreich. Es wurde von den Vertretern der damals etablierten Methoden erarbeitet. Neuere Methoden m\u00fcssen hohe Auflagen erf\u00fcllen, die unter anderem hohe personelle Ressourcen und einen beachtlichen Zeitraum beanspruchen. Der Verein Hakomi \u00d6sterreich engagiert sich f\u00fcr das Erlangen dieser Voraussetzungen.<\/p>\n<p>Tr\u00e4ger der Ausbildung in \u00d6sterreich und Deutschland ist das HAKOMI Institute of Europe. Mehr \u00fcber die Ausbildung lesen Sie <a href=\"https:\/\/www.hakomi.de\">hier<\/a> &#8230;<\/p>\n<\/div><div class=\"fusion-clearfix\"><\/div><\/div><\/div><\/div><\/div><div class=\"fusion-fullwidth fullwidth-box fusion-builder-row-2 nonhundred-percent-fullwidth non-hundred-percent-height-scrolling\" style=\"--awb-border-radius-top-left:0px;--awb-border-radius-top-right:0px;--awb-border-radius-bottom-right:0px;--awb-border-radius-bottom-left:0px;\" ><div class=\"fusion-builder-row fusion-row\"><div class=\"fusion-layout-column fusion_builder_column fusion-builder-column-1 fusion_builder_column_1_3 1_3 fusion-one-third fusion-column-first\" style=\"--awb-bg-size:cover;width:33.333333333333%;width:calc(33.333333333333% - ( ( 4% ) * 0.33333333333333 ) );margin-right: 4%;\"><div class=\"fusion-column-wrapper fusion-flex-column-wrapper-legacy\"><div class=\"fusion-image-element in-legacy-container\" style=\"--awb-caption-title-size:var(--h2_typography-font-size);--awb-caption-title-transform:var(--h2_typography-text-transform);--awb-caption-title-line-height:var(--h2_typography-line-height);--awb-caption-title-letter-spacing:var(--h2_typography-letter-spacing);\"><span class=\" fusion-imageframe imageframe-none imageframe-1 hover-type-none\"><img decoding=\"async\" width=\"300\" height=\"225\" title=\"cherry-tree-93737_1280\" src=\"http:\/\/neu.hakomi-austria.at\/wp-content\/uploads\/2017\/12\/cherry-tree-93737_1280-300x225.jpg\" alt class=\"img-responsive wp-image-142\" srcset=\"https:\/\/neu.hakomi-austria.at\/wp-content\/uploads\/2017\/12\/cherry-tree-93737_1280-200x150.jpg 200w, https:\/\/neu.hakomi-austria.at\/wp-content\/uploads\/2017\/12\/cherry-tree-93737_1280-400x300.jpg 400w, https:\/\/neu.hakomi-austria.at\/wp-content\/uploads\/2017\/12\/cherry-tree-93737_1280-600x450.jpg 600w, https:\/\/neu.hakomi-austria.at\/wp-content\/uploads\/2017\/12\/cherry-tree-93737_1280-800x600.jpg 800w, https:\/\/neu.hakomi-austria.at\/wp-content\/uploads\/2017\/12\/cherry-tree-93737_1280-1200x900.jpg 1200w, https:\/\/neu.hakomi-austria.at\/wp-content\/uploads\/2017\/12\/cherry-tree-93737_1280.jpg 1280w\" sizes=\"(max-width: 800px) 100vw, 400px\" \/><\/span><\/div><div class=\"fusion-clearfix\"><\/div><\/div><\/div><div class=\"fusion-layout-column fusion_builder_column fusion-builder-column-2 fusion_builder_column_2_3 2_3 fusion-two-third fusion-column-last\" style=\"--awb-bg-size:cover;width:66.666666666667%;width:calc(66.666666666667% - ( ( 4% ) * 0.66666666666667 ) );\"><div class=\"fusion-column-wrapper fusion-flex-column-wrapper-legacy\"><div class=\"fusion-text fusion-text-2\"><h1 class=\"paragraph_style_5\">Die Grundlagen der Hakomi-Methode<\/h1>\n<\/div><div class=\"fusion-clearfix\"><\/div><\/div><\/div><\/div><\/div><div class=\"fusion-fullwidth fullwidth-box fusion-builder-row-3 nonhundred-percent-fullwidth non-hundred-percent-height-scrolling\" style=\"--awb-border-radius-top-left:0px;--awb-border-radius-top-right:0px;--awb-border-radius-bottom-right:0px;--awb-border-radius-bottom-left:0px;\" ><div class=\"fusion-builder-row fusion-row\"><div class=\"fusion-layout-column fusion_builder_column fusion-builder-column-3 fusion_builder_column_1_1 1_1 fusion-one-full fusion-column-first fusion-column-last\" style=\"--awb-bg-size:cover;\"><div class=\"fusion-column-wrapper fusion-flex-column-wrapper-legacy\"><div class=\"fusion-text fusion-text-3\"><p class=\"paragraph_style_5\"><strong>W\u00e4hrend der letzten 30 bis 40 Jahre hat sich die klassische Psychotherapie <\/strong><strong>in unterschiedliche Richtungen weiter entwickelt. <\/strong><strong>Wichtig ist zum Beispiel der Wechsel vom Reden \u00fcber eine Erfahrung zum Erleben einer Erfahrung in der gegenw\u00e4rtigen therapeutischen Situation. <\/strong><strong>Diese gegenw\u00e4rtige Erfahrung <\/strong><strong>\u00a0<\/strong><strong>erm\u00f6glicht es uns zu untersuchen, <\/strong><strong>wie wir <\/strong><strong>unser Leben in bestimmten Situationen \u2013 wie automatisch \u2013 <\/strong><strong>gestalten und organisieren. <\/strong><strong>Diese Bewusstheit braucht es um Ver\u00e4nderung zu erreichen.<\/strong><\/p>\n<\/div><div class=\"fusion-clearfix\"><\/div><\/div><\/div><\/div><\/div><div class=\"fusion-fullwidth fullwidth-box fusion-builder-row-4 nonhundred-percent-fullwidth non-hundred-percent-height-scrolling\" style=\"--awb-border-radius-top-left:0px;--awb-border-radius-top-right:0px;--awb-border-radius-bottom-right:0px;--awb-border-radius-bottom-left:0px;\" ><div class=\"fusion-builder-row fusion-row\"><div class=\"fusion-layout-column fusion_builder_column fusion-builder-column-4 fusion_builder_column_1_1 1_1 fusion-one-full fusion-column-first fusion-column-last\" style=\"--awb-bg-size:cover;\"><div class=\"fusion-column-wrapper fusion-flex-column-wrapper-legacy\"><div class=\"fusion-text fusion-text-4\"><p>Die HAKOMI\u00ae-Methode ber\u00fccksichtigt in ihrem k\u00f6rperbezogenen Ansatz neben der tiefenpsychologischen und systemischen Perspektive auch transpersonale Aspekte in der psychotherapeutischen Arbeit, so dass sich eine einzigartige M\u00f6glichkeit ergibt, konflikt- und l\u00f6sungszentriertes, prozesshaftes und bewusstseinsorientiertes Vorgehen miteinander zu verbinden. Im Folgenden sind einige Gesichtspunkte unserer Arbeit kurz skizziert:<\/p>\n<h2><strong>K\u00f6rperorientiert<\/strong><\/h2>\n<p>Der K\u00f6rper ist eines der besten Mittel, die Selbstorganisation eines Menschen im gegenw\u00e4rtigen Erleben zu untersuchen und zu verstehen. Wie wir uns als Ganzes in unserem Verhalten, in Gef\u00fchlen, Erinnerungen und Sichtweisen organisieren, einschlie\u00dflich all dem, was uns nicht bewusst ist &#8211; der K\u00f6rper spiegelt es wider.<\/p>\n<p>Darum ist es wertvoll, seine Sprache durch Achtsamkeit wahrnehmen zu k\u00f6nnen und sie zu verstehen. So wird vieles wichtige Material augenblicklich aufrufbar und erlebbar, wenn wir mit der physischen, sichtbaren Ebene unseres Seins arbeiten.<\/p>\n<p>Wir setzen K\u00f6rperbewusstsein ein, um die Selbstorganisation eines Menschen auf eine leichte Art im gegenw\u00e4rtigen Erleben untersuchen zu k\u00f6nnen. Mit k\u00f6rperlichen Interventionen, die pr\u00e4zise und achtsam durchgef\u00fchrt werden, lenken wir die Aufmerksamkeit und er\u00f6ffnen neue Wege des Erlebens.<\/p>\n<h2><strong>Innere Achtsamkeit\u00a0<\/strong><\/h2>\n<p>Unser Alltagsbewusstsein ist kein wirksames Mittel, um tiefere Ebenen unseres Selbst zu erfahren und zu ver\u00e4ndern, denn unser Alltagsbewusstsein nutzt gerade diese tiefen Schichten f\u00fcr seine gewohnheitsm\u00e4\u00dfige Selbstorganisation. Deshalb stehen wir beim Ringen um Ver\u00e4nderung oft an dem Punkt, dass wir das Problem mit dem Verstand durchaus gut erkennen, aber die L\u00f6sungsversuche funktionieren nicht.<\/p>\n<p>An dieser Stelle hilft uns innere Achtsamkeit, eine Form der Aufmerksamkeit, die sich in den meditativen Disziplinen schon seit Jahrtausenden bew\u00e4hrt hat. Die langsame Schulung der inneren Achtsamkeit baut eine immer stabiler werdende Bewusstseinsposition auf, die uns mehr und mehr erlaubt, die Bestandteile und die Gestaltung des inneren Erlebens zu erforschen.<\/p>\n<p>Zun\u00e4chst bekommen wir ein besseres Gesp\u00fcr und Gef\u00fchl f\u00fcr die Fragen unseres Lebens, und schlie\u00dflich k\u00f6nnen wir zu den Grundlagen unserer Selbstorganisation Zugang finden, dem \u00bbroten Faden\u00ab, der sich oft wie in einem Webmuster durch viele Bereiche unseres Lebens zieht. Die nicht-bewussten automatischen Steuerungsfaktoren werden allm\u00e4hlich ins Bewusstsein gehoben und durch eine immer umfassender werdende \u00bbSelbstf\u00fchrung\u00ab organisiert. Letztlich f\u00fchrt der Weg der Achtsamkeit zu den Kr\u00e4ften der Selbstheilung und der inneren Weisheit.<\/p>\n<h2><strong>Gewaltlosigkeit<\/strong><\/h2>\n<p>Einer der wesentlichen Beitr\u00e4ge der HAKOMI\u00ae-Methode liegt im Umgang mit der Abwehr. Genau beschriebene therapeutische Haltungen und neu entwickelte Techniken gestalten diese Arbeit. Menschen verf\u00fcgen \u00fcber eine Reihe von Mechanismen, um Einfl\u00fcsse von au\u00dfen abzuwehren und die eigene Integrit\u00e4t zu bewahren.<\/p>\n<p>Es ist ersch\u00f6pfend und schwierig, sich mit diesen Mechanismen auf ein Ringen einzulassen. Vieles geht leichter und schneller, wenn wir beispielsweise die Abwehr unterst\u00fctzen und sie somit der Beobachtung zug\u00e4nglich machen.<\/p>\n<p>Mit einer gewaltlosen Haltung laden wir das Unbewusste zur Kooperation ein, denn das Unbewusste bestimmt, was \u00a0in einer Sitzung\u00a0m\u00f6glich ist, und was nicht.\u00a0Erst wenn sich das Unbewusste in der therapeutischen Beziehung sicher f\u00fchlt, wird es die empfindlichsten Informationen freigeben.<\/p>\n<h2><strong>Tiefenpsychologisch<\/strong><\/h2>\n<p>Im Zentrum unserer Arbeit steht die individuelle Struktur der Pers\u00f6nlichkeit eines Menschen, das hei\u00dft, die Art und Weise, wie innere ungel\u00f6ste Konflikte und die damit einhergehenden unbewussten Anschauungen sich z.B. auf der K\u00f6rperebene und in der Beziehungsgestaltung ausdr\u00fccken und die Entfaltung des individuellen Potenzials begrenzen.<\/p>\n<p>In \u00dcbereinstimmung mit den theoretischen Konzepten der Psychoanalyse und der tiefenpsychologisch fundierten Therapie sind wir \u00fcberzeugt, dass sich diese unbewussten Anschauungen wesentlich im Kontext fr\u00fcher Beziehungserfahrungen formen und dass f\u00fcr wirkliche Ver\u00e4nderung der Prozess der erfahrungsorientierten Bewusstmachung sowie die Erm\u00f6glichung einer neuen, alternativen Erfahrung (missing experience) im Rahmen der therapeutischen Beziehung wesentliche Voraussetzungen sind.<\/p>\n<p>Diese \u00dcberzeugungen werden zurzeit eindrucksvoll best\u00e4tigt durch neue Ergebnisse der Neurobiologie sowie der S\u00e4uglings- und Bindungsforschung, deren Befunde immer wieder darauf verweisen, wie fr\u00fche bedeutsame Erfahrungen die menschliche Selbstorganisation pr\u00e4gen. Die achtsame Untersuchung dieser Selbstorganisation mit der KlientIn, die Bewusstmachung und emotionale Verarbeitung sowie die Verankerung neuer Erfahrungen auf der Erlebensebene sind Kernelemente der HAKOMI\u00ae-Methode und zeichnen sie aus als tiefenpsychologisch fundierte k\u00f6rperorientierte Methode, die gerade durch das erfahrungs-zentrierte Arbeiten auch neuesten Erkenntnissen der Therapieforschung Rechnung tr\u00e4gt.<\/p>\n<h2><strong>Mit Worten<\/strong><\/h2>\n<p>Aus unserer Sicht wird die Qualit\u00e4t der Selbstorganisation eines Menschen durch den Fluss von Informationen bestimmt. Wie verschiedene Anteile einer Person zusammenarbeiten, h\u00e4ngt davon ab, was sie voneinander und \u00fcber die Au\u00dfenwelt wissen.<\/p>\n<p>Interne Modelle der Wirklichkeit er\u00f6ffnen und begrenzen die Verhaltens- und Erlebnism\u00f6glichkeiten. Worte kennzeichnen und bewegen die symbolischen Ebenen, auf denen diese Art von Informationen gespeichert und ver\u00e4ndert werden kann. Worte sind auch eine wichtige Art, wie eine TherapeutIn st\u00e4ndig mit dem inneren Erleben ihrer KlientIn in Verbindung bleiben kann und so Sorge tr\u00e4gt, dass sie sich nicht in verschiedenen Welten befinden, sondern wirklich zusammenarbeiten.<\/p>\n<\/div><div class=\"fusion-clearfix\"><\/div><\/div><\/div><\/div><\/div><\/p>\n","protected":false},"excerpt":{"rendered":"","protected":false},"author":39,"featured_media":0,"parent":0,"menu_order":0,"comment_status":"closed","ping_status":"closed","template":"","meta":[],"yoast_head":"<!-- This site is optimized with the Yoast SEO plugin v20.3 - https:\/\/yoast.com\/wordpress\/plugins\/seo\/ -->\n<title>Methode - Hakomi-\u00d6sterreich<\/title>\n<meta name=\"robots\" content=\"index, follow, max-snippet:-1, max-image-preview:large, max-video-preview:-1\" \/>\n<link rel=\"canonical\" href=\"https:\/\/neu.hakomi-austria.at\/home\/methode\/\" \/>\n<meta property=\"og:locale\" content=\"de_DE\" \/>\n<meta property=\"og:type\" content=\"article\" \/>\n<meta property=\"og:title\" content=\"Methode - Hakomi-\u00d6sterreich\" \/>\n<meta property=\"og:url\" content=\"https:\/\/neu.hakomi-austria.at\/home\/methode\/\" \/>\n<meta property=\"og:site_name\" content=\"Hakomi-\u00d6sterreich\" \/>\n<meta property=\"article:publisher\" content=\"https:\/\/www.facebook.com\/profile.php?id=100078170244385\" \/>\n<meta property=\"article:modified_time\" content=\"2019-06-14T15:53:34+00:00\" \/>\n<meta property=\"og:image\" content=\"https:\/\/neu.hakomi-austria.at\/wp-content\/uploads\/2017\/12\/HAKOMI-\u00d6sterreich-Logo-2016-RGB-150h.jpg\" \/>\n\t<meta property=\"og:image:width\" content=\"662\" \/>\n\t<meta property=\"og:image:height\" content=\"150\" \/>\n\t<meta property=\"og:image:type\" content=\"image\/jpeg\" \/>\n<meta name=\"twitter:card\" content=\"summary_large_image\" \/>\n<meta name=\"twitter:label1\" content=\"Gesch\u00e4tzte Lesezeit\" \/>\n\t<meta name=\"twitter:data1\" content=\"9\u00a0Minuten\" \/>\n<script type=\"application\/ld+json\" class=\"yoast-schema-graph\">{\"@context\":\"https:\/\/schema.org\",\"@graph\":[{\"@type\":\"WebPage\",\"@id\":\"https:\/\/neu.hakomi-austria.at\/home\/methode\/\",\"url\":\"https:\/\/neu.hakomi-austria.at\/home\/methode\/\",\"name\":\"Methode - Hakomi-\u00d6sterreich\",\"isPartOf\":{\"@id\":\"https:\/\/neu.hakomi-austria.at\/home\/#website\"},\"datePublished\":\"2017-12-25T09:57:55+00:00\",\"dateModified\":\"2019-06-14T15:53:34+00:00\",\"breadcrumb\":{\"@id\":\"https:\/\/neu.hakomi-austria.at\/home\/methode\/#breadcrumb\"},\"inLanguage\":\"de\",\"potentialAction\":[{\"@type\":\"ReadAction\",\"target\":[\"https:\/\/neu.hakomi-austria.at\/home\/methode\/\"]}]},{\"@type\":\"BreadcrumbList\",\"@id\":\"https:\/\/neu.hakomi-austria.at\/home\/methode\/#breadcrumb\",\"itemListElement\":[{\"@type\":\"ListItem\",\"position\":1,\"name\":\"Startseite\",\"item\":\"https:\/\/neu.hakomi-austria.at\/home\/\"},{\"@type\":\"ListItem\",\"position\":2,\"name\":\"Methode\"}]},{\"@type\":\"WebSite\",\"@id\":\"https:\/\/neu.hakomi-austria.at\/home\/#website\",\"url\":\"https:\/\/neu.hakomi-austria.at\/home\/\",\"name\":\"Hakomi \u00d6sterreich\",\"description\":\"Verein f\u00fcr k\u00f6rperorientierte Psychotherapie\",\"publisher\":{\"@id\":\"https:\/\/neu.hakomi-austria.at\/home\/#organization\"},\"alternateName\":\"\u00d6sterreich: Hakomi Therapie und Hakomi Therapeuten und Therapeutinnen\",\"potentialAction\":[{\"@type\":\"SearchAction\",\"target\":{\"@type\":\"EntryPoint\",\"urlTemplate\":\"https:\/\/neu.hakomi-austria.at\/home\/?s={search_term_string}\"},\"query-input\":\"required name=search_term_string\"}],\"inLanguage\":\"de\"},{\"@type\":\"Organization\",\"@id\":\"https:\/\/neu.hakomi-austria.at\/home\/#organization\",\"name\":\"Hakomi \u00d6sterreich \u2013 Verein f\u00fcr k\u00f6rperorientierte Psychotherapie\",\"url\":\"https:\/\/neu.hakomi-austria.at\/home\/\",\"logo\":{\"@type\":\"ImageObject\",\"inLanguage\":\"de\",\"@id\":\"https:\/\/neu.hakomi-austria.at\/home\/#\/schema\/logo\/image\/\",\"url\":\"https:\/\/neu.hakomi-austria.at\/wp-content\/uploads\/2017\/12\/HAKOMI-\u00d6sterreich-Logo-2016-RGB-150h.jpg\",\"contentUrl\":\"https:\/\/neu.hakomi-austria.at\/wp-content\/uploads\/2017\/12\/HAKOMI-\u00d6sterreich-Logo-2016-RGB-150h.jpg\",\"width\":662,\"height\":150,\"caption\":\"Hakomi \u00d6sterreich \u2013 Verein f\u00fcr k\u00f6rperorientierte Psychotherapie\"},\"image\":{\"@id\":\"https:\/\/neu.hakomi-austria.at\/home\/#\/schema\/logo\/image\/\"},\"sameAs\":[\"https:\/\/www.facebook.com\/profile.php?id=100078170244385\",\"https:\/\/www.instagram.com\/hakomi_austria\/\"]}]}<\/script>\n<!-- \/ Yoast SEO plugin. -->","yoast_head_json":{"title":"Methode - Hakomi-\u00d6sterreich","robots":{"index":"index","follow":"follow","max-snippet":"max-snippet:-1","max-image-preview":"max-image-preview:large","max-video-preview":"max-video-preview:-1"},"canonical":"https:\/\/neu.hakomi-austria.at\/home\/methode\/","og_locale":"de_DE","og_type":"article","og_title":"Methode - Hakomi-\u00d6sterreich","og_url":"https:\/\/neu.hakomi-austria.at\/home\/methode\/","og_site_name":"Hakomi-\u00d6sterreich","article_publisher":"https:\/\/www.facebook.com\/profile.php?id=100078170244385","article_modified_time":"2019-06-14T15:53:34+00:00","og_image":[{"width":662,"height":150,"url":"https:\/\/neu.hakomi-austria.at\/wp-content\/uploads\/2017\/12\/HAKOMI-\u00d6sterreich-Logo-2016-RGB-150h.jpg","type":"image\/jpeg"}],"twitter_card":"summary_large_image","twitter_misc":{"Gesch\u00e4tzte Lesezeit":"9\u00a0Minuten"},"schema":{"@context":"https:\/\/schema.org","@graph":[{"@type":"WebPage","@id":"https:\/\/neu.hakomi-austria.at\/home\/methode\/","url":"https:\/\/neu.hakomi-austria.at\/home\/methode\/","name":"Methode - Hakomi-\u00d6sterreich","isPartOf":{"@id":"https:\/\/neu.hakomi-austria.at\/home\/#website"},"datePublished":"2017-12-25T09:57:55+00:00","dateModified":"2019-06-14T15:53:34+00:00","breadcrumb":{"@id":"https:\/\/neu.hakomi-austria.at\/home\/methode\/#breadcrumb"},"inLanguage":"de","potentialAction":[{"@type":"ReadAction","target":["https:\/\/neu.hakomi-austria.at\/home\/methode\/"]}]},{"@type":"BreadcrumbList","@id":"https:\/\/neu.hakomi-austria.at\/home\/methode\/#breadcrumb","itemListElement":[{"@type":"ListItem","position":1,"name":"Startseite","item":"https:\/\/neu.hakomi-austria.at\/home\/"},{"@type":"ListItem","position":2,"name":"Methode"}]},{"@type":"WebSite","@id":"https:\/\/neu.hakomi-austria.at\/home\/#website","url":"https:\/\/neu.hakomi-austria.at\/home\/","name":"Hakomi \u00d6sterreich","description":"Verein f\u00fcr k\u00f6rperorientierte Psychotherapie","publisher":{"@id":"https:\/\/neu.hakomi-austria.at\/home\/#organization"},"alternateName":"\u00d6sterreich: Hakomi Therapie und Hakomi Therapeuten und Therapeutinnen","potentialAction":[{"@type":"SearchAction","target":{"@type":"EntryPoint","urlTemplate":"https:\/\/neu.hakomi-austria.at\/home\/?s={search_term_string}"},"query-input":"required name=search_term_string"}],"inLanguage":"de"},{"@type":"Organization","@id":"https:\/\/neu.hakomi-austria.at\/home\/#organization","name":"Hakomi \u00d6sterreich \u2013 Verein f\u00fcr k\u00f6rperorientierte Psychotherapie","url":"https:\/\/neu.hakomi-austria.at\/home\/","logo":{"@type":"ImageObject","inLanguage":"de","@id":"https:\/\/neu.hakomi-austria.at\/home\/#\/schema\/logo\/image\/","url":"https:\/\/neu.hakomi-austria.at\/wp-content\/uploads\/2017\/12\/HAKOMI-\u00d6sterreich-Logo-2016-RGB-150h.jpg","contentUrl":"https:\/\/neu.hakomi-austria.at\/wp-content\/uploads\/2017\/12\/HAKOMI-\u00d6sterreich-Logo-2016-RGB-150h.jpg","width":662,"height":150,"caption":"Hakomi \u00d6sterreich \u2013 Verein f\u00fcr k\u00f6rperorientierte Psychotherapie"},"image":{"@id":"https:\/\/neu.hakomi-austria.at\/home\/#\/schema\/logo\/image\/"},"sameAs":["https:\/\/www.facebook.com\/profile.php?id=100078170244385","https:\/\/www.instagram.com\/hakomi_austria\/"]}]}},"_links":{"self":[{"href":"https:\/\/neu.hakomi-austria.at\/home\/wp-json\/wp\/v2\/pages\/141"}],"collection":[{"href":"https:\/\/neu.hakomi-austria.at\/home\/wp-json\/wp\/v2\/pages"}],"about":[{"href":"https:\/\/neu.hakomi-austria.at\/home\/wp-json\/wp\/v2\/types\/page"}],"author":[{"embeddable":true,"href":"https:\/\/neu.hakomi-austria.at\/home\/wp-json\/wp\/v2\/users\/39"}],"replies":[{"embeddable":true,"href":"https:\/\/neu.hakomi-austria.at\/home\/wp-json\/wp\/v2\/comments?post=141"}],"version-history":[{"count":8,"href":"https:\/\/neu.hakomi-austria.at\/home\/wp-json\/wp\/v2\/pages\/141\/revisions"}],"predecessor-version":[{"id":13211,"href":"https:\/\/neu.hakomi-austria.at\/home\/wp-json\/wp\/v2\/pages\/141\/revisions\/13211"}],"wp:attachment":[{"href":"https:\/\/neu.hakomi-austria.at\/home\/wp-json\/wp\/v2\/media?parent=141"}],"curies":[{"name":"wp","href":"https:\/\/api.w.org\/{rel}","templated":true}]}}